t d be i(-16). Let h = -4 + 6. Suppose 4*z - 188 = -5*n, d*n + 124 = h*z + 3*n. What is the tens digit of z?
5
Let g be 1/15 + (-428680)/(-300). Let o = g - 934. What is the hundreds digit of o?
4
Suppose 0 = -3*f + 2*d - 451, 596 = -4*f - 4*d + 8*d. Let m = f - -222. What is the units digit of m?
9
Let w(b) = -15*b**3 - 2*b**2 + 2*b + 10. Suppose -5*m = 5*k, -4*k = 5*m + 50 - 46. What is the units digit of w(m)?
0
Let h(v) = v**3 + v**2 + 6*v. Suppose 4*d = -0*q + 5*q + 31, -4*q - 14 = -2*d. Suppose -2*t - d = n + t, 4*t = 3*n - 25. What is the units digit of h(n)?
4
Let s(b) = -b**3 + 41*b**2 + 13*b - 978. What is the thousands digit of s(27)?
9
Let k(q) = 8*q**2 + 7*q - 4. Let s(o) = -15*o**2 - 17*o + 7. Let i(v) = 9*k(v) + 4*s(v). What is the hundreds digit of i(-3)?
1
Let b be 2/(4/(-38))*1. Suppose 0*h - 486 = -9*h. Let t = h + b. What is the tens digit of t?
3
What is the thousands digit of (-92)/(-414) + 837965/153 - 8/68?
5
Suppose -21*c + 2*r = -19*c, c - 5*r - 12 = 0. What is the tens digit of c + (10 - 5) + 84?
8
What is the units digit of (580*-69)/(-12) - -5?
0
Let y(x) = 6*x - 29. Let s be y(5). Let w be 82 - 3 - (s + -1). Let c = -10 + w. What is the units digit of c?
9
Let u(w) = 9*w + 51. Let d = 250 + -212. What is the hundreds digit of u(d)?
3
Let p = -120 - -124. Let b(x) = 3*x**3 - 2*x**2 + 3*x + 3. Let s(a) = a**3 + a**2 + a - 1. Let k(o) = b(o) - 2*s(o). What is the units digit of k(p)?
9
Let p be (-132)/2 - 6*4/(-12). Let i = -63 - p. What is the units digit of 10*-3*(-3 - i)?
0
Let j = 266 + -237. Let s = j - 21. What is the units digit of s?
8
What is the tens digit of (-736484)/(-98) - (-2)/(-14)?
1
Suppose 15*r = 19*r - 4*o - 16, r - 2*o = 8. Suppose r = 126*y - 133*y + 560. What is the units digit of y?
0
Suppose -2496582 + 425499 = -219*i. What is the hundreds digit of i?
4
Suppose 0 = 3*h - c - 2115, -630 = -2*h + c + 779. Let y = 1049 - h. What is the hundreds digit of y?
3
Suppose 33712 = 12*d + 16*d. Suppose n = -2*f + 2422, -4*f + 2*n + 3656 + d = 0. What is the tens digit of f?
1
Let v = -226 + 372. What is the tens digit of v?
4
Let v(o) = 240*o**2 + 6*o - 6. Let n be v(3). Suppose 3*z + 2*f = -z + 1734, -n = -5*z - 4*f. What is the hundreds digit of z?
4
Let j = 170 - 167. Suppose -j*r = -r - 5*b - 236, -3*r = -2*b - 354. What is the hundreds digit of r?
1
Let z(j) be the third derivative of -j**5/12 + j**4/12 - 2*j**3/3 - 6*j**2. Let p be z(7). Let a = -149 - p. What is the units digit of a?
6
Suppose -6*g + 3*g = g. Suppose -3*i - z + 1950 = g, -2*z = -i - 7*z + 636. What is the tens digit of i?
5
Let l(k) = 19167*k - 140. What is the units digit of l(1)?
7
Let k(m) = -m**3 + 11*m**2 - 8*m + 2. Let q be (((-18)/10)/(-3))/((-3)/(-30)). Let d be k(q). Let t = d - -11. What is the tens digit of t?
4
Suppose -4*s + 5*d + 20505 = 0, -s - 4*d - 15380 = -4*s. What is the tens digit of s?
2
Let i(c) = -55*c - 42*c + 6*c - 73. What is the units digit of i(-3)?
0
Suppose v - 2350 = -r, 5*v - 1195 = -r + 1119. What is the thousands digit of r?
2
Let x = -149 + 175. Let f = 222 - x. What is the units digit of f?
6
Let q(l) = -53 + 54 + 24*l**2 - 2*l + 4*l. Let h be q(-1). Suppose 2 = -c + h. What is the tens digit of c?
2
Suppose -9 = -o - x, 2*x - 35 = -5*o - x. Suppose 80 = 5*h + r, h - 2*r - o = 1. What is the units digit of h?
5
Let x = -1918 - -3568. What is the units digit of -5 + 0 + x/6 + -3?
7
Suppose 13*f + 140 = 15*f. Let g = f - 62. Suppose 0 = -g*d + 4*d + 432. What is the hundreds digit of d?
1
Suppose 5*o - 9 = 1. Suppose 0*j + x = -5*j + 660, -4*x = j - 151. Suppose 0 = -2*n + 4 - o, 2*z - j = -n. What is the tens digit of z?
6
Suppose -8*i = -153 - 391. Let b be (-2)/(-17) - 19252/i. Let t = 487 + b. What is the units digit of t?
4
Suppose -667756 + 208606 = -75*n. What is the tens digit of n?
2
Suppose 4*j - 2*b - 26 = 0, 2*j - 4*j - 5*b = 17. Suppose -945 - 934 = -j*c - 5*l, -2*l = 5*c - 2370. What is the units digit of c?
6
Suppose 4*m + 84 = -0*d + 4*d, 25 = d - 2*m. Suppose -d*q = -13*q - 28. Suppose 2*u - q*u = -590. What is the hundreds digit of u?
1
Suppose 0 = 3*s + 5*c - 81687, 100*s - 98*s = -c + 54465. What is the thousands digit of s?
7
What is the units digit of (-73364)/52*-13 - (2 - -1)?
8
Let q(t) = -22*t**3 + 6*t**2 - 5*t - 4. What is the units digit of q(-4)?
0
Suppose 100 = 3*y - 101. Let z = -11059 - -11061. Suppose -g = -z*g + y. What is the tens digit of g?
6
Let a(b) = 27*b**2 + 2*b - 10. Let k(u) = -2*u**2 - 11*u + 9. Let q be k(-6). What is the tens digit of a(q)?
3
Let c(s) = 3*s + 48. Let k = 21 + -34. Let v be c(k). Suppose 1651 = v*j + 4*j. What is the hundreds digit of j?
1
Let i = -9068 - -15355. What is the thousands digit of i?
6
Suppose -14*n = -13*n - 1194. Suppose 2*y + 3*f - n = 0, -5*y + f + 3027 = 42. What is the tens digit of y?
9
Let b(w) = 145*w - 107. Suppose 4*a + 4*d - 48 = -0, 4*d + 16 = 4*a. What is the thousands digit of b(a)?
1
Suppose -5*n = -4*u - 158940, 5*n - 5*u + 6*u = 158965. What is the ten thousands digit of n?
3
Let l = 10 + 7. Let t = 23 - l. What is the tens digit of 21/(-14)*8/t - -54?
5
Let r(w) = -3 - w - 5 + 9. Let c(y) = y**2 - 24*y + 40. Let t(m) = -c(m) + 2*r(m). What is the tens digit of t(19)?
1
Suppose -x = 9 - 16. Suppose -x*u + 62 = -43. Suppose -5*g = -u, p + g - 46 = -16. What is the tens digit of p?
2
Suppose 0 = -9*k - 3*k. Suppose g - 259 = 5*q - k*q, -3*q = -2*g + 553. What is the tens digit of g?
8
What is the hundreds digit of 12*6/8 + 4787?
7
Suppose -2247 = f - 2*f - 8*p, p = 4*f - 9054. What is the thousands digit of f?
2
Let x(u) = -u**3 + 16*u**2 + 18*u - 6. Let j be x(17). Let f(o) = -4*o + 2*o - o + 2*o + 17. What is the units digit of f(j)?
6
Suppose 6472 + 6344 = 7*a + 4738. What is the tens digit of a?
5
Let k(h) = 152*h**2 + 46*h - 10. What is the thousands digit of k(-6)?
5
Let d(f) = -3*f + 14*f**2 - 309*f**3 + 20 + 4 + 310*f**3. What is the hundreds digit of d(-10)?
4
Suppose 2*w + 8 = 0, n + n - w = 14. Suppose -n*x + t + 2516 = 0, -2*x - t + 992 = -5*t. What is the tens digit of x?
0
Let w = 227 - 287. What is the thousands digit of 8*(-9970)/w - 4/(-6)?
1
Let x be 217/7 + 2 + -4*1. Let q(k) = k**3 - 29*k**2 + 13*k - 69. Let p be q(x). Suppose h = 2*m - p, 11*h = 2*m + 6*h - 316. What is the hundreds digit of m?
1
Let z(s) = -70*s + 28. Let i = 3 + -17. Let d be z(i). What is the units digit of 2/(-5) - d/(-20)?
0
Let i(c) = -262*c - 2863. What is the tens digit of i(-36)?
6
Let y(n) = -39*n**3 + n**2 + 2*n + 2. Suppose x - 3 = -5*o - 0*x, 5 = 3*o - x. Suppose -k = -0 + o. What is the units digit of y(k)?
0
Let y = 81 + -45. Let o be 4 + (4 - (3 - y)). Let h = o + -29. What is the tens digit of h?
1
Suppose -46 = -3*k - 4. Suppose k*c - 7*c = 1778. Let w = c - 130. What is the tens digit of w?
2
Suppose 0 = -4*n + 4, -9*n + 15 = 2*s - 4*n. Suppose 3909 = 5*p - 4*z, -4*z + 3907 = s*p - 6*z. What is the tens digit of p?
8
Let s be 3*(-3 + -12)/(-5). Suppose -12*u + s*u + 834 = 0. What is the units digit of u?
8
Suppose 90*n + 540 = 93*n. Let j(y) = -26*y - n + 165 + 3*y. What is the tens digit of j(-4)?
7
Let r(y) be the first derivative of -y**4/24 + 98*y**3/3 - 18*y**2 - 20. Let c(x) be the second derivative of r(x). What is the tens digit of c(0)?
9
Suppose 33*n = 28*n + 3*c + 2735, 3*n - 1657 = 5*c. What is the tens digit of n?
4
Suppose -4*x + 72 = -4*t, 3*t + 57 + 31 = 5*x. Let b = 29 - x. Let n = b - -25. What is the tens digit of n?
3
Let i(r) = 297*r**2 + 9*r + 6. Let o be i(-9). Suppose 0 = -28*p + 7*p + o. What is the tens digit of p?
4
Suppose -2*p + 7*p + 180 = -5*o, o = 2*p - 36. Let u be (-1393)/9 + 8/o. Let a = 7 - u. What is the hundreds digit of a?
1
Let c = 49 - 49. Let r be c/(0 - (-9)/3). Suppose r = -4*f + 20, -3*u + 316 = -0*f - f. What is the tens digit of u?
0
Let h = 622 + -857. Let c = 960 + h. What is the hundreds digit of c?
7
Let p = 32 + 117. Let s = 307 - p. What is the tens digit of s?
5
Let x = -374 - -236. Let z = 187 + x. What is the units digit of z?
9
Let u(l) = 4*l**3 - 170*l**2 + 18*l - 76. What is the tens digit of u(44)?
3
Let n be 12/(72/30) + -2 + 540. Suppose -n - 1809 = -3*y. What is the units digit of y?
4
Suppose 3*d = 7*d. Suppose -35*w + 854 = 3*k - 